{"id":140,"date":"2015-02-02T12:54:46","date_gmt":"2015-02-02T12:54:46","guid":{"rendered":"http:\/\/dieter-steffen.de\/?page_id=140"},"modified":"2015-02-02T15:51:03","modified_gmt":"2015-02-02T15:51:03","slug":"david-gazarov-trio","status":"publish","type":"page","link":"https:\/\/dieter-steffen.de\/?page_id=140","title":{"rendered":"David Gazarov Trio"},"content":{"rendered":"<p><strong>Feature \u00fcber das David Gazarov Trio, gefilmt in Frankfurt und Zweibr\u00fccken 2014<\/strong><\/p>\n<p><strong>Hinweis zur Verbesserung der Qualit\u00e4t des Films:<\/strong><br \/>\nFilm starten, dann beim Player unten rechts auf das Zahnrad klicken, um die Qualit\u00e4t zu verbessern von Automatisch(480p) auf 1080p<sup>HD<\/sup><\/p>\n<div class=\"videoplayer\" id=\"4\" ><div id=\"options\" style=\"display:none;\">{\"id\":4,\"name\":\"Player 4\",\"videos\":[{\"title\":\"David Gazarov Trio\",\"youtubeID\":\"BVo2MWVzETY\",\"videoAdShow\":\"videoAdShow\",\"videoAdGotoLink\":\"videoAdGotoLink\",\"mp4AD\":\"mp4AD\",\"description\":\"Frankfurt 2014\",\"thumbImg\":\"http:\\\/\\\/dieter-steffen.de\\\/wp-content\\\/uploads\\\/2015\\\/02\\\/Video_DavidGazarov_2014.jpg\",\"popupImg\":\"popupImg\",\"popupAdShow\":\"popupAdShow\",\"popupAdStartTime\":\"popupAdStartTime\",\"popupAdEndTime\":\"popupAdEndTime\",\"popupAdGoToLink\":\"popupAdGoToLink\",\"textAdShow\":\"textAdShow\",\"textAd\":\"textAd\",\"textAdStartTime\":\"textAdStartTime\",\"textAdEndTime\":\"textAdEndTime\",\"textAdGoToLink\":\"textAdGoToLink\"}],\"submit\":\"Save Changes\",\"videoPlayerWidth\":746,\"videoPlayerHeight\":420,\"responsive\":false,\"allowSkip\":false,\"videoPlayerShadow\":\"Effect1\",\"playlist\":\"Off\",\"skinPlaylist\":\"Default\",\"skinPlayer\":\"Default\",\"youtubeSkin\":\"dark\",\"youtubeColor\":\"red\",\"vimeoColor\":\"00adef\",\"youtubeShowRelatedVideos\":\"Yes\",\"onFinish\":\"Play next video\",\"autoplay\":false,\"loadRandomVideoOnStart\":false,\"playVideosRandomly\":false,\"posterImg\":\"\",\"rightClickMenu\":true,\"autohideControls\":4,\"fullscreen\":\"Fullscreen native\",\"nowPlayingText\":\"Yes\",\"shareShow\":\"Yes\",\"facebookLink\":\"http:\\\/\\\/codecanyon.net\\\/\",\"twitterLink\":\"http:\\\/\\\/codecanyon.net\\\/\",\"googleplusLink\":\"http:\\\/\\\/codecanyon.net\\\/\",\"logoShow\":\"Yes\",\"logoPath\":\"\",\"logoPosition\":\"bottom-right\",\"logoClickable\":\"Yes\",\"logoGoToLink\":\"http:\\\/\\\/codecanyon.net\\\/\",\"embedShow\":\"Yes\",\"embedCodeSrc\":\"http:\\\/\\\/yourwebsite.com\\\/player\\\/deploy\\\/index.html\",\"embedCodeW\":746,\"embedCodeH\":420,\"videoType\":\"youtube\",\"rootFolder\":\"https:\\\/\\\/dieter-steffen.de\\\/wp-content\\\/plugins\\\/ultimate-video-player\\\/\"}<\/div><\/div>\n<p>&nbsp;<\/p>\n","protected":false},"excerpt":{"rendered":"<p>Feature \u00fcber das David Gazarov Trio, gefilmt in Frankfurt und Zweibr\u00fccken 2014 Hinweis zur Verbesserung der Qualit\u00e4t des Films: Film starten, dann beim Player unten rechts auf das Zahnrad klicken, um die Qualit\u00e4t zu verbessern von Automatisch(480p) auf 1080pHD &nbsp;<\/p>\n","protected":false},"author":2,"featured_media":0,"parent":0,"menu_order":0,"comment_status":"open","ping_status":"open","template":"","meta":{"footnotes":""},"class_list":["post-140","page","type-page","status-publish","hentry"],"_links":{"self":[{"href":"https:\/\/dieter-steffen.de\/index.php?rest_route=\/wp\/v2\/pages\/140","targetHints":{"allow":["GET"]}}],"collection":[{"href":"https:\/\/dieter-steffen.de\/index.php?rest_route=\/wp\/v2\/pages"}],"about":[{"href":"https:\/\/dieter-steffen.de\/index.php?rest_route=\/wp\/v2\/types\/page"}],"author":[{"embeddable":true,"href":"https:\/\/dieter-steffen.de\/index.php?rest_route=\/wp\/v2\/users\/2"}],"replies":[{"embeddable":true,"href":"https:\/\/dieter-steffen.de\/index.php?rest_route=%2Fwp%2Fv2%2Fcomments&post=140"}],"version-history":[{"count":5,"href":"https:\/\/dieter-steffen.de\/index.php?rest_route=\/wp\/v2\/pages\/140\/revisions"}],"predecessor-version":[{"id":210,"href":"https:\/\/dieter-steffen.de\/index.php?rest_route=\/wp\/v2\/pages\/140\/revisions\/210"}],"wp:attachment":[{"href":"https:\/\/dieter-steffen.de\/index.php?rest_route=%2Fwp%2Fv2%2Fmedia&parent=140"}],"curies":[{"name":"wp","href":"https:\/\/api.w.org\/{rel}","templated":true}]}}